{"id":30,"date":"2023-08-30T12:39:14","date_gmt":"2023-08-30T10:39:14","guid":{"rendered":"https:\/\/www.haratangen.net\/?page_id=30"},"modified":"2024-12-15T14:14:51","modified_gmt":"2024-12-15T13:14:51","slug":"start","status":"publish","type":"page","link":"https:\/\/www.haratangen.net\/","title":{"rendered":"Start"},"content":{"rendered":"\n<figure class=\"wp-block-image size-full\"><img loading=\"lazy\" decoding=\"async\" width=\"1024\" height=\"683\" src=\"https:\/\/www.haratangen.net\/wp-content\/uploads\/2023\/08\/2013-April-056-1.jpg\" alt=\"\" class=\"wp-image-33\" srcset=\"https:\/\/www.haratangen.net\/wp-content\/uploads\/2023\/08\/2013-April-056-1.jpg 1024w, https:\/\/www.haratangen.net\/wp-content\/uploads\/2023\/08\/2013-April-056-1-300x200.jpg 300w, https:\/\/www.haratangen.net\/wp-content\/uploads\/2023\/08\/2013-April-056-1-768x512.jpg 768w\" sizes=\"auto, (max-width: 1024px) 100vw, 1024px\" \/><\/figure>\n\n\n\n<h2 class=\"wp-block-heading\">Harat\u00e5ngen Fiberf\u00f6rening<\/h2>\n\n\n\n<p>Harat\u00e5ngen Fiberf\u00f6rening har f\u00f6r n\u00e4rvarande mer \u00e4n 220 medlemmar som alla vill ha fiber f\u00f6r snabbt bredband, telefon och TV. Ordf\u00f6rande \u00e4r Maria Persson.<\/p>\n\n\n\n<p><a href=\"https:\/\/www.haratangen.net\/?page_id=99\" data-type=\"page\" data-id=\"99\"><strong>Skall du gr\u00e4va? L\u00e4s d\u00e5 det h\u00e4r!<\/strong><\/a><\/p>\n\n\n\n<p><\/p>\n","protected":false},"excerpt":{"rendered":"<p>Harat\u00e5ngen Fiberf\u00f6rening Harat\u00e5ngen Fiberf\u00f6rening har f\u00f6r n\u00e4rvarande mer \u00e4n 220 medlemmar som alla vill ha fiber f\u00f6r snabbt bredband, telefon och TV. Ordf\u00f6rande \u00e4r Maria Persson. Skall du gr\u00e4va? L\u00e4s d\u00e5 det h\u00e4r!<\/p>\n","protected":false},"author":1,"featured_media":0,"parent":0,"menu_order":0,"comment_status":"closed","ping_status":"closed","template":"","meta":{"_monsterinsights_skip_tracking":false,"_monsterinsights_sitenote_active":false,"_monsterinsights_sitenote_note":"","_monsterinsights_sitenote_category":0,"footnotes":""},"class_list":["post-30","page","type-page","status-publish","hentry","entry"],"_links":{"self":[{"href":"https:\/\/www.haratangen.net\/index.php?rest_route=\/wp\/v2\/pages\/30","targetHints":{"allow":["GET"]}}],"collection":[{"href":"https:\/\/www.haratangen.net\/index.php?rest_route=\/wp\/v2\/pages"}],"about":[{"href":"https:\/\/www.haratangen.net\/index.php?rest_route=\/wp\/v2\/types\/page"}],"author":[{"embeddable":true,"href":"https:\/\/www.haratangen.net\/index.php?rest_route=\/wp\/v2\/users\/1"}],"replies":[{"embeddable":true,"href":"https:\/\/www.haratangen.net\/index.php?rest_route=%2Fwp%2Fv2%2Fcomments&post=30"}],"version-history":[{"count":5,"href":"https:\/\/www.haratangen.net\/index.php?rest_route=\/wp\/v2\/pages\/30\/revisions"}],"predecessor-version":[{"id":306,"href":"https:\/\/www.haratangen.net\/index.php?rest_route=\/wp\/v2\/pages\/30\/revisions\/306"}],"wp:attachment":[{"href":"https:\/\/www.haratangen.net\/index.php?rest_route=%2Fwp%2Fv2%2Fmedia&parent=30"}],"curies":[{"name":"wp","href":"https:\/\/api.w.org\/{rel}","templated":true}]}}