{"id":272,"date":"2023-09-11T16:32:09","date_gmt":"2023-09-11T14:32:09","guid":{"rendered":"https:\/\/www.haratangen.net\/?page_id=272"},"modified":"2025-12-17T19:40:20","modified_gmt":"2025-12-17T18:40:20","slug":"nyanslutning","status":"publish","type":"page","link":"https:\/\/www.haratangen.net\/?page_id=272","title":{"rendered":"Nyanslutning"},"content":{"rendered":"\n<p>Harat\u00e5ngen fiberf\u00f6rening ek. f\u00f6r. har m\u00f6jlighet att ansluta nya fastigheter till sitt fibern\u00e4t. Det g\u00e4ller s\u00e5v\u00e4l helt nya, nybyggda, fastigheter som redan befintliga utan fiberanslutning. F\u00f6reningen<br>ser \u00e5rligen \u00f6ver kostnaden f\u00f6r en anslutning. Nuvarande kostnad, 2025, \u00e4r 22.000:-. Till detta kan komma merkostnad f\u00f6r s\u00e4rskilt arbete, ex. l\u00e5ng gr\u00e4vning. <\/p>\n\n\n\n<p>Du betalar en \u00e5rlig medlemsavgift till f\u00f6reningen, fastst\u00e4lld av f\u00f6reningens \u00e5rsst\u00e4mma, fn 200:- per \u00e5r. F\u00f6r en aktiv anslutning tar f\u00f6reningen en n\u00e4tavgift p\u00e5 124:- per m\u00e5n, inkl moms.<br>Medlem har m\u00f6jlighet att delta i f\u00f6reningens gruppavtal, tj\u00e4nsteleverant\u00f6r \u00e4r Telia. I tj\u00e4nsten ing\u00e5r bredband 500\/500, TV-paket Telia Lagom, telefoni f\u00f6r den som vill ha en fast telefon kopplad till bredbandet. Kostnaden \u00e4r 249:- per m\u00e5n inkl moms.<br><\/p>\n\n\n\n<p>Om intresse finns, fyll i nedanst\u00e5ende Intresseanm\u00e4lan Fiberanslutning eller Intresseanm\u00e4lan Gruppavtal!<\/p>\n\n\n\n<p><a href=\"https:\/\/www.haratangen.net\/wp-content\/uploads\/2024\/08\/Intresseanmalan-nyanslutning-v2.pdf\" data-type=\"attachment\" data-id=\"292\">Intresseanm\u00e4lan nyanslutning<\/a><\/p>\n\n\n\n<p><a href=\"https:\/\/www.haratangen.net\/wp-content\/uploads\/2024\/08\/Intresseanmalan-gruppavtal-v2.pdf\" data-type=\"attachment\" data-id=\"269\">Intresseanm\u00e4lan gruppavtal<\/a><\/p>\n","protected":false},"excerpt":{"rendered":"<p>Harat\u00e5ngen fiberf\u00f6rening ek. f\u00f6r. har m\u00f6jlighet att ansluta nya fastigheter till sitt fibern\u00e4t. Det g\u00e4ller s\u00e5v\u00e4l helt nya, nybyggda, fastigheter som redan befintliga utan fiberanslutning. F\u00f6reningenser \u00e5rligen \u00f6ver kostnaden f\u00f6r en anslutning. Nuvarande kostnad, 2025, \u00e4r 22.000:-. Till detta kan komma merkostnad f\u00f6r s\u00e4rskilt arbete, ex. l\u00e5ng gr\u00e4vning. Du betalar en \u00e5rlig medlemsavgift till f\u00f6reningen,&hellip; <a class=\"more-link\" href=\"https:\/\/www.haratangen.net\/?page_id=272\">Forts\u00e4tt l\u00e4sa <span class=\"screen-reader-text\">Nyanslutning<\/span><\/a><\/p>\n","protected":false},"author":1,"featured_media":0,"parent":0,"menu_order":0,"comment_status":"closed","ping_status":"closed","template":"","meta":{"_monsterinsights_skip_tracking":false,"_monsterinsights_sitenote_active":false,"_monsterinsights_sitenote_note":"","_monsterinsights_sitenote_category":0,"footnotes":""},"class_list":["post-272","page","type-page","status-publish","hentry","entry"],"_links":{"self":[{"href":"https:\/\/www.haratangen.net\/index.php?rest_route=\/wp\/v2\/pages\/272","targetHints":{"allow":["GET"]}}],"collection":[{"href":"https:\/\/www.haratangen.net\/index.php?rest_route=\/wp\/v2\/pages"}],"about":[{"href":"https:\/\/www.haratangen.net\/index.php?rest_route=\/wp\/v2\/types\/page"}],"author":[{"embeddable":true,"href":"https:\/\/www.haratangen.net\/index.php?rest_route=\/wp\/v2\/users\/1"}],"replies":[{"embeddable":true,"href":"https:\/\/www.haratangen.net\/index.php?rest_route=%2Fwp%2Fv2%2Fcomments&post=272"}],"version-history":[{"count":6,"href":"https:\/\/www.haratangen.net\/index.php?rest_route=\/wp\/v2\/pages\/272\/revisions"}],"predecessor-version":[{"id":333,"href":"https:\/\/www.haratangen.net\/index.php?rest_route=\/wp\/v2\/pages\/272\/revisions\/333"}],"wp:attachment":[{"href":"https:\/\/www.haratangen.net\/index.php?rest_route=%2Fwp%2Fv2%2Fmedia&parent=272"}],"curies":[{"name":"wp","href":"https:\/\/api.w.org\/{rel}","templated":true}]}}